-- https://www.phpmyadmin.net/
--

START TRANSACTION;



--
-- Database: `lbtechtc_excellent`
--

-- --------------------------------------------------------

--
-- Table structure for table `assessment`
--

CREATE TABLE `assessment` (
  `course_id` int(11) NOT NULL,
  `id_card` varchar(13) NOT NULL,
  `topic` varchar(255) NOT NULL,
  `rate` int(11) NOT NULL COMMENT 'ระดับความพึงพอใจ'
) ENGINE=InnoDB DEFAULT CHARSET=utf8mb3 COLLATE=utf8mb3_general_ci;

-- --------------------------------------------------------

--
-- Table structure for table `beacon_on`
--

CREATE TABLE `beacon_on` (
  `id` int(11) NOT NULL,
  `course_id` int(11) NOT NULL,
  `hwid` varchar(50) NOT NULL,
  `time_start` datetime NOT NULL,
  `time_stop` datetime NOT NULL,
  `status` enum('active','inactive') DEFAULT 'active',
  `created_at` timestamp NULL DEFAULT current_timestamp()
) ENGINE=InnoDB DEFAULT CHARSET=utf8mb3 COLLATE=utf8mb3_general_ci;

-- --------------------------------------------------------

--
-- Table structure for table `check_time`
--

CREATE TABLE `check_time` (
  `id` int(11) NOT NULL,
  `course_id` int(11) NOT NULL,
  `id_card` varchar(13) NOT NULL,
  `check_in` datetime NOT NULL,
  `check_method` enum('beacon','manual') DEFAULT 'manual',
  `created_at` timestamp NULL DEFAULT current_timestamp()
) ENGINE=InnoDB DEFAULT CHARSET=utf8mb3 COLLATE=utf8mb3_general_ci;

-- --------------------------------------------------------

--
-- Table structure for table `course`
--

CREATE TABLE `course` (
  `course_id` int(11) NOT NULL,
  `course_name` varchar(255) NOT NULL,
  `course_description` varchar(255) NOT NULL,
  `date_start` datetime NOT NULL,
  `date_end` datetime NOT NULL,
  `attendance` int(11) NOT NULL COMMENT 'จำนวนที่รับ',
  `applicants` int(11) NOT NULL DEFAULT 0 COMMENT 'จำนวนผู้สมัคร',
  `course_type` varchar(10) NOT NULL COMMENT 'รูปแบบการผ่านหลักสูตร',
  `image_cover` varchar(255) DEFAULT NULL COMMENT 'ภาพปก',
  `image_cer` varchar(255) DEFAULT NULL COMMENT 'ภาพเกียรติบัตร',
  `keyword` varchar(255) DEFAULT NULL
) ENGINE=InnoDB DEFAULT CHARSET=utf8mb3 COLLATE=utf8mb3_general_ci;

--
-- Dumping data for table `course`
--

INSERT INTO `course` (`course_id`, `course_name`, `course_description`, `date_start`, `date_end`, `attendance`, `applicants`, `course_type`, `image_cover`, `image_cer`, `keyword`) VALUES
(7, 'โครงการพัฒนาทักษะดิจิทัลให้กับนักเรียนด้าน Internet of Things (IoT)', 'โครงการพัฒนาทักษะดิจิทัลให้กับนักเรียนด้าน Internet of Things (IoT)', '2024-07-12 08:00:00', '2024-07-14 16:00:00', 20, 2, 'auto', '6736ae65c8efd.jpg', NULL, 'IoT, Coding'),
(8, 'อบรมติดตั้งสายไฟเบอร์', 'อบรมติดตั้งสายไฟเบอร์ออฟติก\r\n-การอบรมภาคทฤษฎี\r\n-การอบรมภาคปฏิบัติ', '2024-12-04 08:00:00', '2024-12-13 17:00:00', 30, 6, 'auto', '6736b1bc5ce05.jpg', 'cert_67638b4f63322.jpg', 'Network'),
(11, 'อบรมแผงโซล่าเซลล์', 'อบรมแผงโซล่าเซลล์ เพื่อนําไปต่อยอดเป็นอาชีพติดตัวหรือสามารถนําไปสมัครกับงานที่ตรงตามความสามารถ\r\n-อบรมไฟฟ้าและหน่วยพลังงาน\r\n-อบรมการติดตั้งหัวMC4\r\n-การใช้เช็คอุปกรณ์\r\n-การเลือกใช้วัสดุ\r\n-การติดตั้งแผง', '2024-12-05 12:00:00', '2024-12-07 12:00:00', 35, 1, 'auto', '6736b1f037aa1.jpg', NULL, ''),
(12, 'อบรมการทำงานของเครือข่าย', 'การอบรมเกี่ยวกับการทำงานของเครือข่ายเป็นการให้ความรู้และทักษะที่จำเป็นเพื่อทำความเข้าใจและจัดการกับระบบเครือข่ายต่าง ๆ ในองค์กรได้อย่างมีประสิทธิภาพ ซึ่งในการอบรมอาจมีหัวข้อต่าง ', '2024-12-26 21:52:00', '2024-12-27 21:52:00', 25, 2, 'manual', '67360f3413ea4.jpg', '67360f34141a7.jpg', 'เครือข่าย'),
(13, 'อบรมพัฒนาทักษะการถ่ายภาพด้วยสมาร์ทโฟน', 'โครงการอบรมให้ความรู้แก่นักเรียนในเรื่องพัฒนาทักษะการถ่ายภาพด้วยสมาร์ทโฟน นั้นเพื่อการพัฒนาทักษะการถ่ายภาพของนักเรียนให้เป็นอย่างต่อเนื่องรับรู้การเปลี่ยนแปลงให้เทคโนโลยีดิจิทัลแบบใหม่', '2024-12-25 08:00:00', '2024-12-27 16:00:00', 50, 0, 'auto', '6736ae38eb9be.jpg', NULL, 'Photo'),
(14, 'อบรมการใช้ESP32', 'อบรมการใช้ESP32', '2024-12-12 08:58:00', '2024-12-13 08:58:00', 3, 1, 'auto', '6747ce90a3618.jpg', NULL, ''),
(15, 'ทดสอบ Beacon', 'ทดสอบ Beacon', '2024-11-05 15:59:00', '2024-12-11 18:59:00', 1, 1, 'auto', NULL, NULL, ''),
(16, 'ระบบอบรมการจัดการอุปกรณ์อิเลิกทรอนิกส์', 'ระบบอบรมการจัดการอุปกรณ์อิเลิกทรอนิกส์', '2024-12-06 14:19:00', '2024-12-07 14:19:00', 3, 2, 'manual', '6747c8d2e275a.jpg', NULL, '');

-- --------------------------------------------------------

--
-- Table structure for table `enrollments`
--

CREATE TABLE `enrollments` (
  `enrollment_id` int(11) NOT NULL,
  `course_id` int(11) NOT NULL,
  `id_card` varchar(13) NOT NULL,
  `enroll_date` date NOT NULL,
  `status` varchar(1) NOT NULL
) ENGINE=InnoDB DEFAULT CHARSET=utf8mb3 COLLATE=utf8mb3_general_ci;

--
-- Dumping data for table `enrollments`
--

INSERT INTO `enrollments` (`enrollment_id`, `course_id`, `id_card`, `enroll_date`, `status`) VALUES
(1, 7, '1 1025 00065 ', '0000-00-00', 'w'),
(2, 7, '1 1694 00027 ', '0000-00-00', ''),
(3, 7, '1100201926161', '0000-00-00', ''),
(4, 7, '1100501687448', '0000-00-00', ''),
(5, 7, '1103704278812', '0000-00-00', ''),
(6, 7, '1119902408769', '0000-00-00', ''),
(7, 7, '1119902413495', '0000-00-00', ''),
(8, 7, '1139400039937', '0000-00-00', ''),
(9, 7, '1160100366454', '0000-00-00', ''),
(10, 7, '1160101857508', '0000-00-00', ''),
(11, 7, '1160101900071', '0000-00-00', ''),
(12, 7, '1160101906720', '0000-00-00', ''),
(13, 7, '1160101935886', '0000-00-00', ''),
(14, 7, '1160101958002', '0000-00-00', ''),
(15, 7, '1160101959777', '0000-00-00', ''),
(16, 7, '1160101960791', '0000-00-00', ''),
(17, 7, '1160101961178', '0000-00-00', ''),
(18, 7, '1160101963201', '0000-00-00', ''),
(19, 7, '1160101968628', '0000-00-00', ''),
(20, 7, '1161001967532', '0000-00-00', ''),
(21, 7, '1168000013137', '0000-00-00', ''),
(22, 7, '1168300006394', '0000-00-00', ''),
(23, 7, '1168300009636', '0000-00-00', ''),
(24, 7, '1168300014788', '0000-00-00', ''),
(25, 7, '1168300015776', '0000-00-00', ''),
(26, 7, '1168300016128', '0000-00-00', ''),
(27, 7, '1168300026051', '0000-00-00', ''),
(28, 7, '1169800309095', '0000-00-00', ''),
(29, 7, '1169800318884', '0000-00-00', ''),
(30, 7, '1169800325571', '0000-00-00', ''),
(31, 7, '1189900475434', '0000-00-00', ''),
(32, 7, '1199600410159', '0000-00-00', ''),
(33, 7, '1199600443332', '0000-00-00', ''),
(34, 7, '1199600452234', '0000-00-00', ''),
(35, 7, '120960150747', '0000-00-00', ''),
(36, 7, '1209702399901', '0000-00-00', ''),
(37, 7, '1219400036058', '0000-00-00', ''),
(38, 7, '1419902519461', '0000-00-00', ''),
(39, 7, '1609700284690', '0000-00-00', ''),
(40, 7, '1609700285424', '0000-00-00', ''),
(41, 7, '1609900862131', '0000-00-00', 'p'),
(72, 8, '1500701301698', '2024-11-10', 'p'),
(87, 8, '3169900233062', '2024-11-25', 'w'),
(88, 15, '1500701301698', '2024-11-27', 'w'),
(89, 16, '3169900233062', '2024-11-27', 'a'),
(92, 16, '1929901080525', '2024-11-27', 'p'),
(93, 8, '1929901080525', '2024-11-28', 'w'),
(94, 14, '1929901080525', '2024-11-28', 'p');

-- --------------------------------------------------------

--
-- Table structure for table `teacher_edu`
--

CREATE TABLE `teacher_edu` (
  `id_card` varchar(13) NOT NULL,
  `end_year` varchar(4) NOT NULL COMMENT 'ปีที่จบ',
  `school_name` varchar(100) NOT NULL COMMENT 'สถาบัน',
  `qualification` varchar(100) NOT NULL COMMENT 'วุฒิการศึกษา',
  `branch` varchar(100) NOT NULL COMMENT 'สาขา/วิชาเอก'
) ENGINE=InnoDB DEFAULT CHARSET=utf8mb3 COLLATE=utf8mb3_general_ci;

-- --------------------------------------------------------

--
-- Table structure for table `teaching_history`
--

CREATE TABLE `teaching_history` (
  `course_id` varchar(20) NOT NULL,
  `id_card` varchar(13) NOT NULL
) ENGINE=InnoDB DEFAULT CHARSET=utf8mb3 COLLATE=utf8mb3_general_ci;

-- --------------------------------------------------------

--
-- Table structure for table `user_info`
--

CREATE TABLE `user_info` (
  `member_id` int(20) NOT NULL,
  `title` varchar(10) NOT NULL,
  `firstname` varchar(20) NOT NULL,
  `lastname` varchar(20) NOT NULL,
  `address` varchar(255) DEFAULT NULL,
  `phone` varchar(10) DEFAULT NULL,
  `email` varchar(30) DEFAULT NULL,
  `id_card` varchar(13) NOT NULL,
  `photo` varchar(255) DEFAULT NULL,
  `level_edu` varchar(100) DEFAULT NULL,
  `birthday` date NOT NULL,
  `sex` varchar(10) NOT NULL,
  `interest` varchar(255) DEFAULT NULL
) ENGINE=InnoDB DEFAULT CHARSET=utf8mb3 COLLATE=utf8mb3_general_ci;

--
-- Dumping data for table `user_info`
--

INSERT INTO `user_info` (`member_id`, `title`, `firstname`, `lastname`, `address`, `phone`, `email`, `id_card`, `photo`, `level_edu`, `birthday`, `sex`, `interest`) VALUES
(13, 'นาย', 'วราวิชญ์ ', 'ศรีปริญโญภาส', 'เลขที่ 105/149, หมู่บ้าน HOLM, ตำบล นายาว, อำเภอพระพุทธบาท', '(+66) 8522', 'varavit1@gmail.com', '1 1025 00065 ', 'public/uploads/info/info-1720709234073.jpg', 'ม.3', '0000-00-00', 'male', ''),
(14, 'นางสาว', 'ณัฐณิชา', 'เอี่ยมสะอาด', '111หมู่11 อ.พัฒนานิคม ต.พัฒนานิคม จังหวัด ลพบุรี', '0619738072', 'tt66201280006@gmail.com', '1 1694 00027 ', NULL, 'ม.3', '0000-00-00', 'female', ''),
(15, 'นาย', 'ธนรัตน์', 'โพธิสัตย์', '15 ม.7 ต.บางคู้ อ.ท่าวุ้ง จ.ลพบุรี รหัสไปรษณีย์ 15150', '0659910515', 'thanaratphotisat@gmail.com', '1100201926161', 'public/uploads/info/course-1720412400109.jpeg', 'ม.3', '0000-00-00', 'male', ''),
(16, 'นาย', 'ภาณุวัฒน์', 'แซ่ว่อง', 'จ.ลพบุรี อ.พัฒนานิคม ต.ดีลัง 76/16 ', '0802494159', 't66201280043@gmail.com', '1100501687448', 'public/uploads/info/course-1720412084097.jpg', 'ม.3', '0000-00-00', 'male', ''),
(17, 'นางสาว', 'กัลย์ชนัน', 'จันทร์อำไพ', '59 ม5 ดอนโพธิ์ อ.เมือง จ.ลพบุรี 15000', '0842120095', 't66201280026@gmail', '1103704278812', NULL, 'ม.3', '0000-00-00', 'female', ''),
(18, 'นาย', 'อิทธิเชษฐ์', 'ตีทอง', '2-3', '0612966173', 'vooooovoooo123@gmail.com', '1119902408769', 'public/uploads/info/course-1720411899673.jpeg', 'ม.3', '0000-00-00', 'male', ''),
(19, 'นาย', 'ภาคภูมิ', 'รุ่งพึ่ง', 'Test', '0655815393', 't66201280042@gmail.com', '1119902413495', 'public/uploads/info/course-1720412482450.png', 'ม.3', '0000-00-00', 'male', ''),
(20, 'นาย', 'ฐิติพงศ์', 'เรืองโสภา', '515 หมู่9 ตำบลท่าหลวง อำเภอท่าหลวง จังหวัดลพบุรี', '0845032281', 't66201280005@gmail.com', '1139400039937', NULL, 'ม.3', '0000-00-00', 'male', ''),
(21, 'นาย', 'เตชิต', 'รื่นธนากูล', 'ถ.29 ถนนนเรศวร ตำบลท่าวาสุกรี อำเภอพระนครศรีอยุธยา จังหวัดพระนครศรีอยุธยา 13000', '0643969199', 'techit.re@ayuttech.ac.th', '1160100366454', NULL, 'ม.3', '0000-00-00', 'male', ''),
(22, 'นางสาว', 'กนกวรรณ', 'ธรรมเจริญ', 'ลพบุรี', '0643439159', 'tt66201280001@gmail.com', '1160101857508', 'public/uploads/info/course-1720411986900.jpeg', 'ม.3', '0000-00-00', 'female', ''),
(23, 'นางสาว', 'สุพรรณษา', 'มากเอม', '6หมู่8 ต.พรหมมาสตร์ อ.เมือง จ.ลพบุรี 15000', '0966875405', 't66201280024@gmail.com', '1160101900071', NULL, 'ม.3', '0000-00-00', 'female', ''),
(24, 'นาย', 'อุดมพร', 'สินไชย', 'จ.ลพบุรี อ.โคกสำโรง ต.บ้านหลุมข้าว 60/1 ', '0615877495', 'mmonn649@gmail.com', '1160101906720', NULL, 'ม.3', '0000-00-00', 'male', ''),
(25, 'นาย', 'พีรวิชญ์', 'งามเสงี่ยม', '111/9 หมู่ที่9 ต.เขาพระงาม อ.เมืองลพบุรี จ.ลพบุรี', '0841758863', 'phirawit2235@gmail.com', '1160101935886', 'public/uploads/info/course-1720411980599.jpeg', 'ม.3', '0000-00-00', 'male', ''),
(26, 'นาย', 'ธนกิตน์', 'เทศโล', '76/2 ม.6 ต.ห้วยใหญ่ อ.สระโบสถ์ จ.ลพบุรี', '0979322670', 'tt66201280008@gmail.com', '1160101958002', 'public/uploads/info/course-1720411800999.jpg', 'ม.3', '0000-00-00', 'male', ''),
(27, 'นาย', 'อิทธ์ศราภรณ์', 'ทองคำ', '182 ม.3 ต.กกโก อ.เมือง จ.ลพบุรี 15000', '0825973044', 't66201280050@gmail.com', '1160101959777', NULL, 'ม.3', '0000-00-00', 'male', ''),
(28, 'นาย', 'กิตติภูมิ', 'ทรัพย์เธาว์', '364 หมู่ 1 บ้านแพรก บ้านแพรก จังหวัดพระนครีอยุธยา  ', '0638655502', 'kittipoomsubthao@gmail.com', '1160101960791', NULL, 'ม.3', '0000-00-00', 'male', ''),
(29, 'นาย', 'วชิรวิทย์', 'บุญชู', 'ลพบุรี', '0815805624', 't66201280047@gmail.com', '1160101961178', NULL, 'ม.3', '0000-00-00', 'male', ''),
(30, 'นาย', 'วิทยากร', 'พาลี', 'ต.ท่าแค อ.เมือง จ.ลพบุรี บ้านเลขที่61/2 หมู่2', '0636025073', 'Witthayakon01190@gmail.com', '1160101963201', NULL, 'ม.3', '0000-00-00', 'male', ''),
(31, 'นางสาว', 'จรรยวรรธน์', 'พัฒนะคุณโกวิท', '54/1 ม.3 ต.โคกสลุด อ.ท่าวุ้ง จ.ลพบุรี', '0909351980', 't6621280027@gmail.com', '1160101968628', 'public/uploads/info/course-1720411902918.jpg', 'ม.3', '0000-00-00', 'female', ''),
(32, 'นาย', 'นภดล', 'มาตย์คำมี', '64 หมู่8 ต.ท่าวุ้ง อ.ท่าวุ้ง จ.ลพบุรี', '0955679212', 'dmatykhami@gmail.com', '1161001967532', 'public/uploads/info/course-1720413231704.jpg', 'ม.3', '0000-00-00', 'male', ''),
(33, 'นาย', 'นวัตกรณ์', 'อินทร์วิเชียร', 'อินทร์วิเชียร', '0966800902', 't66201280011@gmail.com', '1168000013137', NULL, 'ม.3', '0000-00-00', 'male', ''),
(34, 'นาย', 'ธนพัฒน์', 'ภูตันวงษ์', 'จ.ลพบุรี อ.เมืองลพบุรี ต.หนองเเฝกเลื่อม', '0656678596', 'tt66201280035@gmail.com', '1168300006394', NULL, 'ม.3', '0000-00-00', 'male', ''),
(35, 'นาย', 'ภุชงค์', 'เติมเจิม', 'จ.ลพบุรี อ.เมืองลพบุรี ต.พรหมมาสตร์ 32/9 หมู่1', '0957211189', 't66201280045@gmail.com', '1168300009636', 'public/uploads/info/course-1720411768815.jpg', 'ม.3', '0000-00-00', 'male', ''),
(36, 'นางสาว', 'นางสาว', 'ทับศัพท์', '79 ม.7 ต.กกโก อ.เมือง จ.ลพบุรี', '0611823054', 'tt662012800010@gmail.com', '1168300014788', NULL, 'ม.3', '0000-00-00', 'female', ''),
(37, 'นาย', 'ชัยโชค', 'พูนเพิ่ม​พงษ์​', '171/37​  ม.5​ ต.ถนนใหญ่​ อ.เมือง​   จ.ลพบุรี​', '0926784179', 'darksodaza@gmail.com', '1168300015776', NULL, 'ม.3', '0000-00-00', 'male', ''),
(38, 'นาย', 'ปัณณวิชญ์', 'สุจิตวีระชัยวงศ์', '57/1 ม.4 ต.หัวสำโรง อ.ท่าวุ้ง จ.ลพบุรี', '0623924852', 'tt66201280013@gmail.com', '1168300016128', 'public/uploads/info/course-1720411832765.jpg', 'ม.3', '0000-00-00', 'male', ''),
(39, 'นาย', 'ณัฐชัย', 'จำเนียรพืช', '103 หมู่4 ต.หัวสำโรง อ.ท่าวุ้ง จ.ลพบุรี 15150', '0908176681', 't66201280032@gmail.com', '1168300026051', 'public/uploads/info/course-1720412064724.jpg', 'ม.3', '0000-00-00', 'male', ''),
(40, 'นางสาว', 'ธนภรณ์', 'บุญครอบ', 'ที่อยู่ บ้านเลขที่26หมู่11 ต.บ้านชี อ.บ้านหมี่ จ.ลพบุรี', '0992122516', 'biwtanaphon03@gmail.com', '1169800309095', NULL, 'ม.3', '0000-00-00', 'female', ''),
(41, 'นาย', 'จิดาภา', 'มีมาก', ' 5/4ม.9ต.จันเสน อ.ตาคลี จ.นครสวรรค์', '0947725538', 'jidapameemak@gmail.com', '1169800318884', NULL, 'ม.3', '0000-00-00', 'male', ''),
(42, 'นาย', 'พิทวัส', 'ขุนชำนาญแก้ว', '282หมู่5 ต.โคกเจริญ อ.โคกเจริญ จ.ลพบุรี', '0982155787', 'phittawat.p25@gmail.com', '1169800325571', 'public/uploads/info/info-1720749693105.jpg', 'ม.3', '0000-00-00', 'male', ''),
(43, 'นาย', 'ภานุพงษ์', 'แพงทอง', 'ถนนแค่', '0979347406', 'canthrsudaphaengthxng@gmail.co', '1189900475434', NULL, 'ม.3', '0000-00-00', 'male', ''),
(78, '', 'นิธิพัฒน์ ', 'ดำรงวาจาสัตย์', '', '', 'nithipatd@gmail.com', '1199600404493', NULL, '', '0000-00-00', '', ''),
(44, 'นาย', 'รัฐภูมิ', 'พูลผล', 'ซอย6ถนนสายเอก ตำบลธารเกษม อำเภอพระพุทธบาท จังหวัดสระบุรี', '0923131198', 't6620128046@gmail.com', '1199600410159', NULL, 'ม.3', '0000-00-00', 'male', ''),
(45, 'นาย', 'ณัฐวุฒิ', 'ฉิมเจริญ', '156/4 ต.ช่องสาริกา อ.พัฒนานิคม จ.ลพบุรี 15220', '0943699120', 'tt66201280007@gmail.com', '1199600443332', NULL, 'ม.3', '0000-00-00', 'male', ''),
(46, 'นาย', 'ดนุพัฒน์', 'ฉายเนตร', 'จ.ลพบุรี อ.พัฒนานิคม 16/5 หมู่10', '0616025418', 't66201280034@gmail.com', '1199600452234', 'public/uploads/info/course-1720411805039.jpg', 'ม.3', '0000-00-00', 'male', ''),
(47, 'นาย', 'สิริาช', 'ทองโฉม', '24/4', '0958234296', 'xxx153212@gmail.com', '120960150747', NULL, 'ม.3', '0000-00-00', 'male', ''),
(48, 'นาย', 'สุธิตา', 'ภาคเมธี', '39/1 ต.ชอนสารเดช อ.หนองม่วง จ.ลพบุรี', '0983606849', 't66201280048@gmail.com', '1209702399901', NULL, 'ม.3', '0000-00-00', 'male', ''),
(49, 'นาย', 'ธนภัทร', 'เสน่หา', '4/9 ต.ตาคลี อ.ตาคลี จ.นครสวรรค์', '0653825512', 'titletnp.007@gmail.com', '1219400036058', NULL, 'ม.3', '0000-00-00', 'male', ''),
(50, 'นาย', 'สรวิชญ์', 'แก่นเฟื่อง', '-', '0932426799', 'ttc66201280021@gmail.com', '1419902519461', NULL, 'ม.3', '0000-00-00', 'male', ''),
(1, 'นาย', 'พัฒนศักดิ์', 'ฉอ้อนโฉม', '', '0947879319', 'chaonchom@outlook.com', '1500701301698', NULL, 'ปวส.', '2002-07-19', 'male', 'iot, network'),
(51, 'นาย', 'ชิตพล', 'เรืองกสิกรณ์', '47-26 ต.ทะเลชุบศร อ.เมือง 15000 ', '0828686701', 'Chittaphol6335@gmail.com', '1609700284690', NULL, 'ม.3', '0000-00-00', 'male', ''),
(52, 'นางสาว', 'จินดารัตน์', 'แก่นจักร์', '42/2 หมู่7 ตำบลห้วยหอม อำเภอตาคลี จังหวัดนครสวรรค์ รหัสไปรษณีย์60210', '0630201510', 'jindaratkaenjak@gmail.com', '1609700285424', NULL, 'ม.3', '0000-00-00', 'female', ''),
(53, 'นาย', 'ภัสสร', 'เทพา', '55', '0930486553', 'phadson2550ppp@gmail.com', '1609900862131', NULL, 'ม.3', '0000-00-00', 'male', ''),
(98, '', 'โชคอัมพร', 'รัตน์นาคิน', '', '0655802637', 'jarn9767@gmail.com', '1929901080525', NULL, 'ปวส.1', '2006-05-14', '', 'เธอ'),
(96, 'นางสาว', 'ศิริพิไลย', 'พรหมแพทย์', '163 ม.3', '0822024424', 'wim_me@hotmail.com', '3169900233062', NULL, 'ปริญญาตรี', '2524-01-21', '', '');

-- --------------------------------------------------------

--
-- Table structure for table `_enrollments`
--

CREATE TABLE `_enrollments` (
  `enrollment_id` int(11) NOT NULL,
  `course_id` int(11) NOT NULL,
  `id_card` varchar(13) NOT NULL,
  `enroll_date` date NOT NULL DEFAULT current_timestamp(),
  `status` varchar(1) NOT NULL DEFAULT 'm' COMMENT 'สถานะกำลังอบรม, อนุมัติ, ผ่าน'
) ENGINE=InnoDB DEFAULT CHARSET=utf8mb3 COLLATE=utf8mb3_general_ci;

--
-- Dumping data for table `_enrollments`
--

INSERT INTO `_enrollments` (`enrollment_id`, `course_id`, `id_card`, `enroll_date`, `status`) VALUES
(1, 4, '1500701301698', '2024-10-15', 'ก');

-- --------------------------------------------------------

--
-- Table structure for table `_user_info`
--

CREATE TABLE `_user_info` (
  `member_id` varchar(10) NOT NULL,
  `title` varchar(10) NOT NULL COMMENT 'คำนำหน้าชื่อ',
  `firstname` varchar(50) NOT NULL,
  `lastname` varchar(50) NOT NULL,
  `address` varchar(255) NOT NULL,
  `email` varchar(100) DEFAULT NULL,
  `phone` varchar(10) DEFAULT NULL,
  `id_card` varchar(13) NOT NULL,
  `level_edu` varchar(100) DEFAULT NULL COMMENT 'ระดับการศึกษา',
  `birthday` date NOT NULL,
  `photo` varchar(255) DEFAULT NULL,
  `sex` varchar(10) NOT NULL,
  `interest` varchar(255) DEFAULT NULL
) ENGINE=InnoDB DEFAULT CHARSET=utf8mb3 COLLATE=utf8mb3_general_ci;

--
-- Dumping data for table `_user_info`
--

INSERT INTO `_user_info` (`member_id`, `title`, `firstname`, `lastname`, `address`, `email`, `phone`, `id_card`, `level_edu`, `birthday`, `photo`, `sex`, `interest`) VALUES
('1', '', 'พัฒนศักดิ์', 'ฉอ้อนโฉม', '7    ถนนโกษาปาน ตำบลทะเลชุบศร อำเภอเมืองลพบุรี จังหวัดลพบุรี', NULL, NULL, '1500701301698', NULL, '2545-07-19', NULL, 'Male', NULL),
('10', '', 'ศิริพิไลย', 'พรหมแพทย์', '2/2   ซอยราชดำเนิน 2  ตำบลท่าหิน อำเภอเมืองลพบุรี จังหวัดลพบุรี', NULL, NULL, '3169900233062', NULL, '2524-01-21', NULL, 'Female', NULL);

--
-- Indexes for dumped tables
--

--
-- Indexes for table `beacon_on`
--
ALTER TABLE `beacon_on`
  ADD PRIMARY KEY (`id`);

--
-- Indexes for table `check_time`
--
ALTER TABLE `check_time`
  ADD PRIMARY KEY (`id`);

--
-- Indexes for table `course`
--
ALTER TABLE `course`
  ADD PRIMARY KEY (`course_id`);

--
-- Indexes for table `enrollments`
--
ALTER TABLE `enrollments`
  ADD PRIMARY KEY (`enrollment_id`),
  ADD KEY `id_card` (`id_card`),
  ADD KEY `course_id` (`course_id`);

--
-- Indexes for table `teacher_edu`
--
ALTER TABLE `teacher_edu`
  ADD PRIMARY KEY (`id_card`);

--
-- Indexes for table `user_info`
--
ALTER TABLE `user_info`
  ADD PRIMARY KEY (`id_card`),
  ADD KEY `member_id` (`member_id`);

--
-- Indexes for table `_enrollments`
--
ALTER TABLE `_enrollments`
  ADD PRIMARY KEY (`enrollment_id`);

--
-- Indexes for table `_user_info`
--
ALTER TABLE `_user_info`
  ADD PRIMARY KEY (`id_card`);

--
-- AUTO_INCREMENT for dumped tables
--

--
-- AUTO_INCREMENT for table `beacon_on`
--
ALTER TABLE `beacon_on`
  MODIFY `id` int(11) NOT NULL AUTO_INCREMENT;

--
-- AUTO_INCREMENT for table `check_time`
--
ALTER TABLE `check_time`
  MODIFY `id` int(11) NOT NULL AUTO_INCREMENT;

--
-- AUTO_INCREMENT for table `course`
--
ALTER TABLE `course`
  MODIFY `course_id` int(11) NOT NULL AUTO_INCREMENT, AUTO_INCREMENT=17;

--
-- AUTO_INCREMENT for table `enrollments`
--
ALTER TABLE `enrollments`
  MODIFY `enrollment_id` int(11) NOT NULL AUTO_INCREMENT, AUTO_INCREMENT=95;

--
-- AUTO_INCREMENT for table `_enrollments`
--
ALTER TABLE `_enrollments`
  MODIFY `enrollment_id` int(11) NOT NULL AUTO_INCREMENT, AUTO_INCREMENT=2;

--
-- Constraints for dumped tables
--

--
-- Constraints for table `enrollments`
--
ALTER TABLE `enrollments`
  ADD CONSTRAINT `enrollments_ibfk_1` FOREIGN KEY (`id_card`) REFERENCES `user_info` (`id_card`),
  ADD CONSTRAINT `enrollments_ibfk_2` FOREIGN KEY (`course_id`) REFERENCES `course` (`course_id`);

--
-- Constraints for table `user_info`
--
ALTER TABLE `user_info`
  ADD CONSTRAINT `user_info_ibfk_1` FOREIGN KEY (`member_id`) REFERENCES `users` (`member_id`);
COMMIT;

